 and d?
3
Let z = -2297 + 2809. What is the greatest common factor of z and 16?
16
Let y(c) be the third derivative of -c**4/24 - 16*c**2. Let x be y(-4). Let z be 4 + 3 + 2 + x. What is the highest common factor of z and 13?
13
Let i(v) = -2*v + 1. Let o be i(-1). Let n = 1662 + -887. Let l = 802 - n. Calculate the highest common divisor of l and o.
3
Let a be (-16)/(224/(-61334)) - -6. Calculate the greatest common divisor of 41 and a.
41
Let h = -52 - -43. Let y be 17016/136 + h + (-4)/34. What is the highest common factor of 174 and y?
58
Let s(x) = -x**3 - 24*x**2 + 2*x - 14. Let a be s(-24). Let b be ((-41)/(-2) + 1)/((-31)/a). What is the highest common factor of b and 387?
43
Let z = -4639 + 4709. What is the greatest common divisor of 315 and z?
35
Let h(y) = -2*y**3 - 6*y**2 - 3*y - 2. Let p be h(-4). Suppose -5*b + 296 = c - 68, -2*c = 5*b - 763. What is the greatest common factor of c and p?
21
Let h be (-36)/15*15/(-2). Suppose 39*s = h*s + 2457. Calculate the greatest common factor of s and 9.
9
Suppose 4*r = -2*q + 14192, 322*r - 21336 = -3*q + 324*r. Calculate the highest common divisor of q and 4.
4
Suppose -2*j - j = -21. Let s = 196 - 196. Suppose s = -28*k + 176 + 608. What is the greatest common divisor of k and j?
7
Let u = -10917 + 11916. What is the highest common divisor of u and 1184?
37
Let l = -577 + 836. Suppose 5*s - 401 - l = 0. Let i(m) = 36*m + 8. Let p be i(1). Calculate the highest common divisor of s and p.
44
Let h = 2525 + -2484. Calculate the highest common divisor of 1886 and h.
41
Let k = 2308 - 2306. Suppose -2*d + t = 6*t - 172, d = -t + 86. What is the highest common factor of k and d?
2
Let s = -2602 + 2750. Calculate the highest common factor of s and 74.
74
Suppose -2*v + 2*y + 57 = 33, y + 25 = 2*v. What is the highest common factor of 2 and v?
1
Let m be (0/(-2))/2 - -26. Let t be -6*1/(-18) + 142/6. Suppose 6 = -23*s + t*s + 4*u, 5*s - 3*u = 145. What is the highest common divisor of m and s?
26
Let w(t) = -t**2 - 37*t - 63. Let b be w(-35). Suppose q - b*q = -756. What is the greatest common factor of 14 and q?
14
Suppose 4 = -6*s + 4*s. Let u(g) = -7*g**3 - 4*g**2 + g + 2. Let b be u(s). Calculate the highest common factor of 70 and b.
10
Suppose 3176 - 6564 = -22*d. Let v = 25 + -4. Suppose -d = v*x - 28*x. Calculate the greatest common factor of 121 and x.
11
Let g(x) = -63*x - 186. Let k(s) = 92*s + 279. Let a(v) = -7*g(v) - 5*k(v). Let u be a(-15). Calculate the greatest common divisor of u and 256.
64
Suppose -2*i - 76*d + 40 = -77*d, 2*d = 8. Calculate the highest common divisor of i and 14366.
22
Suppose 0 = 2*a - 2, -13*a + 76 = i - 12*a. What is the highest common factor of i and 400?
25
Let j be (-62 - -72) + 978/3. Calculate the greatest common factor of j and 2604.
84
Let i be -2 + 4/(-2) - -180. Suppose -6*f + 159 = 1257. Let q = f - -199. What is the highest common factor of q and i?
16
Let s = 158 + -112. Suppose -78 = -49*v + s*v. Let c(n) = 2*n**3 - 2*n**2 + n + 4. Let y be c(4). Calculate the greatest common factor of y and v.
26
Let l = 553 - 13. Suppose -477 = -4*g + 2*x + 243, -3*g + 3*x = -l. What is the greatest common factor of g and 160?
20
Let m be 12/22 + ((-307530)/(-110))/17. What is the greatest common divisor of m and 8085?
165
Let i(q) = 60*q - 39. Let w be i(2). Let u be (0 + (-2)/4)*(-8 + 2). Calculate the highest common divisor of w and u.
3
Suppose 0 = 7*u + 16*u - 5*u - 46656. Calculate the highest common divisor of u and 162.
162
Let f(h) = -h**3 + 74*h**2 - 28*h + 142. Let v be f(73). What is the highest common factor of v and 345?
23
Let p = 26 - -30. Let x = p + -47. Suppose 0 = 4*u - x*u + 90. Calculate the greatest common factor of u and 2.
2
Let i(a) be the first derivative of 5*a**2 + 13*a + 2 - 4*a**2 + 36*a. Let j be i(-16). What is the highest common factor of j and 85?
17
Let u = -15300 + 27570. Calculate the highest common divisor of 30 and u.
30
Suppose -68 = -n - 4*o, o = 3*o + 8. Suppose 4*i - 62 = 50. Calculate the greatest common factor of n and i.
28
Suppose -5 + 17 = 6*g. Suppose 2*s - 1 + 3 = 0, p + 2*s = -g. Suppose p*z - 52 = -4*z. What is the highest common factor of z and 169?
13
Let f = 7117 + -6646. What is the greatest common divisor of 3 and f?
3
Suppose 595*i + 2248 = 584*i + 15118. Calculate the greatest common factor of i and 135.
45
Let i be 16/(352/33)*8/3. What is the highest common factor of i and 612?
4
Let p be 3 + ((-3)/((-12)/28) - 2). Let z(f) = 8*f**2 - 12*f + 70. Let k be z(p). What is the highest common divisor of 6 and k?
6
Let g be (45 + -70)*4/(-5). Suppose g = 5*u, 0 = -10*i + 7*i - u + 160. Calculate the greatest common divisor of 65 and i.
13
Let t be (6/4 - (-253)/(-44))*-28. Suppose -23*x + 525 = -t. Calculate the highest common factor of 4 and x.
4
Suppose -550*m = -585*m + 59220. Calculate the greatest common factor of m and 376.
188
Let m(b) = -85*b + 6023. Let k be m(57). What is the greatest common divisor of 361 and k?
19
Suppose 4352 = 4*h - 4*y, -2*h + 3*y + 1518 = -657. Calculate the highest common factor of h and 121.
121
Let u be -4 + 3 + 248/(-2). Let m = u - -287. Suppose -3*q + 162 = 6*q. Calculate the greatest common divisor of q and m.
18
Let u(j) = -275*j - 154. Let c be u(-2). What is the greatest common factor of 3652 and c?
44
Suppose 0 = s + 1 + 17. Let m be (-544)/s - (-18)/(-81). Calculate the greatest common divisor of 50 and m.
10
Let v(f) = -119*f + 146. Let r be v(-4). Let s = r - 469. Calculate the highest common divisor of s and 68.
17
Suppose 264 = 2*z - 5*p + 19, -4*p = -3*z + 350. Calculate the highest common factor of z and 1606.
22
Let k be (21 - -3872)*(-12)/(-34). What is the greatest common factor of 48 and k?
6
Let y(z) = 2520 - 14*z - 2433 - 10*z + 8*z + z**2. Let g be y(15). What is the highest common divisor of g and 156?
12
Let i(h) = 188*h - 524. Let n be i(3). Let x(z) = -10*z**2 - 5*z. Let b be x(4). Let c = b - -280. What is the highest common factor of n and c?
20
Let u = -13 - -9. Let h be 2 + u + (-8)/(-2). Suppose -2*p - h = -4. Calculate the greatest common divisor of p and 5.
1
Let n(t) = -t**3 - 10*t**2 + 15*t + 44. Let v be n(-12). What is the greatest common divisor of v and 1292?
76
Let m(x) = -x. Let v(i) = -i**2 + 7*i + 14. Let t(u) = -24*m(u) - 3*v(u). Let r be t(-6). What is the greatest common divisor of 32 and r?
16
Let k(s) = s**3 - 12*s**2 + 31*s - 10. Let p be 245/30 + 2/(-12). Let q be k(p). Let b = q + 93. What is the highest common factor of b and 30?
15
Let h(k) = 69*k - 3818. Let v be h(57). Calculate the highest common factor of v and 115.
115
Let p(t) be the first derivative of 47*t**2/2 + 2*t - 1. Let s be p(1). Let u be 4/14 + 3955/s. What is the highest common factor of u and 9?
9
Let q(t) = -236*t - 1524. Let p be q(-7). Calculate the highest common divisor of 12 and p.
4
Let f be 6/(2/3*(1 - 4)). Let z be ((-50)/15)/(-10) - 188/f. Let o = z - 57. What is the highest common factor of o and 18?
6
Suppose -28 = 7*m, 5*x + 2*m = 7 + 35. Calculate the greatest common divisor of x and 755.
5
Suppose -47*b + 40 = -42*b. Let y = 7535 - 4289. Let f be b/52 - y/(-26). What is the greatest common factor of f and 50?
25
Let x be (-10819)/(-3) - 4*(-10)/60 - 2. Calculate the highest common divisor of 70 and x.
35
Let n(x) = -31*x**3 + 11*x**2 + 35*x - 10. Let l be n(-5). What is the greatest common factor of l and 130?
65
Let j be 4/(-1) + (-951)/(-6)*-2. Let x = -68 - j. Calculate the highest common divisor of 23 and x.
23
Suppose 15*u - 48 = 7*u. Suppose -m = m - 4. Suppose -m = -t + 28. Calculate the highest common factor of u and t.
6
Suppose 150 = 2*o + 633*z - 630*z, -5*o = -4*z - 444. What is the highest common factor of o and 1764?
84
Let a = 590 - 587. Let r(h) = 221*h - 55. Let u be r(a). Calculate the greatest common factor of u and 16.
16
Let l be 622/(-5287) + (-956)/(-34). Suppose 0 = -8*n + 85 - 29. What is the highest common factor of n and l?
7
Let v be (-106)/(-10) - -21*(-1)/35. Let w be (77/14 - 4)*v. Calculate the highest common divisor of w and 80.
5
Let o(l) = l**2 + 12*l + 68. Let u be o(-10). Let f be (24/(-4) + u)*(-2)/(-6). Calculate the greatest common divisor of f and 224.
14
Let u(f) = -34*f - 2135. Let x be